88 = 2*y - v, 5*y + 4*v = j. What is the greatest common factor of y and 26?
26
Let l(i) = i - 3. Let a be l(3). Let c be (-1 - -4) + (57 - a). Let o = 3 + 7. What is the greatest common divisor of c and o?
10
Let w = 97 + -28. Calculate the greatest common divisor of 23 and w.
23
Suppose z = 12*z - 308. Calculate the greatest common factor of 84 and z.
28
Let t = 19 + -3. Calculate the highest common factor of 176 and t.
16
Let d be (-2)/(-9) - (-4304)/72. What is the highest common factor of 48 and d?
12
Let q = -72 - -200. What is the greatest common factor of q and 32?
32
Suppose -50 = -4*s + 94. Calculate the highest common divisor of s and 12.
12
Suppose 192 = -80*g + 82*g. What is the greatest common factor of g and 64?
32
Let l = -11 + 23. Suppose 0 = 4*b - 20 - 52. What is the greatest common divisor of l and b?
6
Let r = -142 + 219. Let j = -113 - -120. What is the greatest common divisor of j and r?
7
Let r be (1/(-1) - -3)/2. Let w be 42*2/(1 - -1). Let a be w + 0 - (3 - r). What is the highest common factor of a and 60?
20
Let o(l) = -17*l - 1. Let i be o(-2). Suppose 0*f = -4*f + 48. Let g = f - 1. Calculate the greatest common divisor of i and g.
11
Suppose 3*b + 3*z - 4*z - 20 = 0, 0 = b + 2*z - 2. What is the highest common divisor of 66 and b?
6
Let b = 6 + 16. Suppose 3*q - b = q. Calculate the greatest common divisor of 11 and q.
11
Suppose 2 + 1 = -3*n. Let y = n + 4. Calculate the greatest common divisor of 15 and y.
3
Let w(x) = -2*x**3 + 10*x**2 + 6*x + 2. Let z be w(5). Calculate the greatest common factor of z and 128.
32
Let d = -18 - -19. Let b = d - 0. Calculate the highest common divisor of b and 2.
1
Let x(h) = 14*h + 7. Let q be x(5). Suppose -3*p + 4*z = -5, -4*p + p + 3*z + 3 = 0. Let s = 6 - p. Calculate the highest common divisor of q and s.
7
Let t(f) = 2*f**2 - 6*f + 4. Let x be t(8). Suppose -4*m - 4*w + x = 12, 2*w + 4 = 0. Calculate the highest common factor of m and 10.
10
Let k = -28 + 262. Calculate the greatest common factor of k and 26.
26
Let v = 199 - 129. Let o(r) = 3*r + 10. Let l be o(0). Calculate the highest common divisor of v and l.
10
Let s = -54 - -110. Suppose -867*u - 7 = -868*u. What is the greatest common divisor of u and s?
7
Let o = 83 + -29. Suppose 2*x - 120 = -2*x. Let z = 66 - x. Calculate the greatest common divisor of z and o.
18
Suppose -3*z + 183 = -105. Suppose 0 = -3*u + 384 - z. Calculate the highest common divisor of u and 12.
12
Suppose 3*h - 6 = 0, 0*t - t + h = -76. Suppose 0*d - d = 18. Let a = t + d. Calculate the highest common divisor of a and 40.
20
Suppose 16 = -4*d, 5*k - 2*d = k + 24. Suppose -k*u - 5*o + 171 = 0, -5*u + 2*o + 259 = 37. Calculate the highest common divisor of u and 11.
11
Let f = 41 + -21. Suppose 3*r + 5*h - f = 0, -3*h + 20 = 8. Suppose -k + 4*b - 4 = r, -2*k - 4*b + 36 = k. What is the greatest common factor of k and 16?
8
Suppose -4*u + 32 + 112 = 0. What is the highest common factor of 24 and u?
12
Let r = -10 - -31. Suppose -5*f - 26 = -3*c, -5*f + 9 = 4*c - 2*c. Calculate the highest common factor of c and r.
7
Suppose 150 + 30 = 2*w. What is the highest common factor of w and 36?
18
Let u(j) = -j**3 - 5*j**2 - 4*j - 101. Let o be u(-7). Suppose 2*t - 8 = -2*b + 3*b, 1 = -t + 3*b. What is the highest common factor of o and t?
5
Suppose -4*y = -10 - 2. Suppose -y*i = 2*c - 32, -i - 5*c = -7 - 8. Calculate the greatest common factor of 4 and i.
2
Suppose -2*m + 24 = -5*y, 3*m + y - 5 + 3 = 0. Let c(q) = 67*q - 1. Let k be c(m). Calculate the highest common factor of 19 and k.
19
Suppose 2*k + 3 = x + 2*x, 5*x + 2*k + 11 = 0. Let d be 70 + 0/x + 0. What is the highest common divisor of 10 and d?
10
Let p = 2 + 12. What is the greatest common factor of 126 and p?
14
Let l be (30 - (-1 - -2)) + 5 + -6. Calculate the highest common divisor of 42 and l.
14
Suppose 0*q - 7 = -2*t - q, -5*t = 5*q - 30. Let l(n) = 90*n**3. Let m be l(t). Let u be 8/(-6)*m/(-4). What is the greatest common factor of 12 and u?
6
Suppose -l + 2*g - 2 = 0, l + 2*g = 4 - 2. Suppose -4*t = 5*q - 630, -q + 3*q + 5*t - 252 = l. Calculate the highest common divisor of 14 and q.
14
Suppose -3*g - g = 4*q - 84, 0 = -q + 2*g + 6. Suppose i + 0 = q. Calculate the greatest common factor of i and 144.
16
Let k(v) = -v**3 - v**2 + v + 70. Suppose -2*p + 4*p = 0. Let i be k(p). What is the highest common factor of 10 and i?
10
Suppose -8 = 4*z + 4*w, -3*w = 3*z - 2*w. Let t be 4/22 - (-238)/22. Calculate the highest common divisor of t and z.
1
Let z be (-40)/(-6)*(4 + -1). What is the highest common factor of z and 10?
10
Suppose -3*u = -19 + 1. Let c be 8/44 - (-194)/22. Calculate the highest common factor of c and u.
3
Suppose 10*f - 5*f = 2*d + 248, 2*f = -2*d + 102. Calculate the highest common divisor of f and 40.
10
Let s be 135/(-6)*(-4)/3. What is the greatest common factor of s and 75?
15
Let w(j) = j**2 + 4*j + 1. Let l be w(-5). Suppose -2*p = 3*v - 36, 5*p = 3*v + 10 + 59. Calculate the greatest common factor of l and p.
3
Let u = 0 + 26. What is the highest common divisor of 39 and u?
13
Let x be (-2 + 5 - 1)*5. Let d = -6 + x. Let r = 7 + d. What is the greatest common divisor of 1 and r?
1
Let n(h) = h**3 + 5*h**2. Let r be n(-5). Let s = r - -16. What is the greatest common divisor of 24 and s?
8
Let v(q) = -7*q - 9. Let k be v(-3). What is the highest common factor of k and 12?
12
Let m be (-64)/(-10) + (-6)/15. Let x be (-8)/28 - 279/(-21). Suppose q = -5*l - x, -2*l - 32 = -q + 2*l. What is the highest common divisor of m and q?
6
Let i(f) = -4*f**2 - f - 1. Let k be i(-1). Let p be (22/(-3))/(k/6). What is the highest common divisor of p and 11?
11
Suppose -105 = -5*b + 4*n, 0 = -b + n - 3*n + 35. Let q be -2*(-2 - b/2). Suppose 3*x = 12, -q = -l + 4*x - 7*x. What is the highest common factor of l and 85?
17
Suppose -3*u = -2*g - g - 78, 0 = u + 2*g - 20. Calculate the greatest common factor of u and 8.
8
Suppose -1 = 3*a - 19. Let k be 50/(-225) + (-190)/(-36)*8. Calculate the greatest common factor of k and a.
6
Suppose 2*f + 2 - 4 = 0. Let j(h) = h**2 - 4*h. Let y be j(3). Let x be 0 + y/(-1 - 2). What is the highest common divisor of f and x?
1
Let n be 150/(-8)*(-5 - 3). Suppose -5*h - n = -590. What is the greatest common factor of 8 and h?
8
Let t = 3 - -3. Suppose 5*c + 20 = 2*y, -4*y = 2*c + t - 46. What is the highest common factor of y and 4?
2
Let g(k) = -k**3 + 12*k**2 - 3*k + 2. Let a be g(8). Let h(x) = x + 26. Let v be h(0). What is the highest common factor of v and a?
26
Let a(l) be the first derivative of -l**4/4 + 2*l**3/3 + 2*l**2 - 3*l - 2. Suppose 2*d - 4*d = 8. Let u be a(d). What is the greatest common factor of u and 7?
7
Suppose -3*m + 5*b + 117 = 0, m + 0*m + b - 47 = 0. Calculate the greatest common divisor of m and 4.
4
Let j(b) = b**2 - 5*b + 2. Let a be j(5). What is the highest common divisor of 3 and a?
1
Suppose 79 = 3*p - 137. Suppose 2*d - p - 6 = 0. Calculate the greatest common factor of 26 and d.
13
Suppose -4 = 8*y - 9*y. What is the greatest common divisor of 32 and y?
4
Suppose 0 = -g - 0*z - 3*z + 53, 0 = g + 5*z - 61. Suppose -146 = -s - g. What is the greatest common factor of s and 21?
21
Suppose 3*c - 7*c + 12 = 0. Suppose -c*v - 12 = -120. What is the highest common factor of 4 and v?
4
Suppose 5*b - 4*c = -8, -6 = 4*b - 9*b - 3*c. Let h = 1 + b. Let x = -30 - -35. Calculate the highest common factor of h and x.
1
Let y(t) = -2*t**3 + 14*t**2 + 5*t + 9. Let s be y(7). What is the highest common factor of s and 11?
11
Let f = -74 + 83. What is the greatest common divisor of 144 and f?
9
Suppose 0 = -5*d - 3*p + 39 - 15, -5*d - 4*p + 27 = 0. Calculate the greatest common divisor of d and 27.
3
Let z = 18 + -8. Suppose 3*k + 36 = 3*q - 0*q, 3*q + 4*k - 22 = 0. Calculate the highest common factor of q and z.
10
Suppose 0*l - 4*l = -5*h - 21, -4*l + 2*h + 18 = 0. Suppose -l*j - 426 = 118. Let z = -85 - j. Calculate the greatest common divisor of z and 34.
17
Let s = 9 + -9. Let g = s + 4. Suppose -24 = 2*v - g*v. What is the highest common factor of 24 and v?
12
Let d = 20 + -40. Let a = 76 + d. Calculate the highest common factor of a and 14.
14
Suppose 5*k + 32 = k. Let i = -4 - k. Let a be (-1 - 2) + 2*i. W